 b be (2 - 7)*414/(-10). Suppose 0 = o + 5*r - 89, 6*o = 3*o - 3*r + b. What is the units digit of o/(-6)*15/(-5)?
2
Suppose 24528 + 127244 = 38*o. What is the thousands digit of o?
3
Suppose f - 3 = 0, 5*f = j - 348 - 438. What is the tens digit of j?
0
Let i be (-434)/4 - (-4)/(-8). Let v = -20 - i. What is the tens digit of v?
8
Let h(n) = -2*n**2 + 30*n + 12. Let f be h(17). Let i = -25 - f. What is the units digit of i?
1
Let q(c) = 3*c - 7. Let g be q(4). Suppose 0 = g*z + 5*z - 1060. What is the hundreds digit of z?
1
Let f be 4/(-16)*0 + 0/2. Suppose 0 = -f*k - 8*k + 784. What is the units digit of k?
8
Suppose 33*g = 6*g + 28107. What is the units digit of g?
1
Let w(z) = 0*z + 3*z - 9*z + 17*z**2 + 0*z - 16. What is the units digit of w(4)?
2
Let u(p) = p**2 + 8*p + 10. Let o be u(-4). Let d(q) = -13*q - 8. Let b be d(o). Let h = b - 49. What is the units digit of h?
1
Let i be -2*(-1 + 2)/(-2). Suppose -2*u - z + 3 = 0, -2*u - 2*u - 5*z = -21. Let m = i - u. What is the units digit of m?
2
Suppose -b = -316 - 90. What is the tens digit of (b/(-56))/((-2)/8)?
2
Let u = 158 + -156. What is the tens digit of (u - -203) + (-3)/15*0?
0
Suppose -8*l = -2*l - 2544. What is the units digit of l?
4
Let a(q) = 43*q**2 - 31*q - 95. What is the tens digit of a(-5)?
3
Suppose -3*n = 2*n - 55. Let b = 10 + n. Let f = 37 - b. What is the units digit of f?
6
Suppose -602 = -50*h + 43*h. Let u be 2*((-51)/2 + -1). Let r = u + h. What is the units digit of r?
3
Let a = 413 - 64. What is the hundreds digit of a?
3
Suppose 0 = -2*i + 2*f + 1220, 4*i - 5*i - 5*f + 616 = 0. What is the hundreds digit of i?
6
Suppose 20*q - 19*q + 5*x = 1328, x + 5 = 0. What is the hundreds digit of q?
3
Suppose -3*m + 68 = 20. Suppose -2*n - m = 8. Let k = 18 + n. What is the units digit of k?
6
Let x be 267/39 + (-6)/(-39). Let s = -2 + x. Suppose 0*h + 155 = s*h. What is the tens digit of h?
3
Let t(i) be the first derivative of -i**6/360 - 7*i**5/120 - i**4/4 - 2*i**3/3 - 8. Let x(y) be the third derivative of t(y). What is the units digit of x(-4)?
6
Let z(q) be the second derivative of -q**4/12 - q**3/3 - 3*q**2/2 - q. Let g be z(3). Let a = -11 - g. What is the units digit of a?
7
Let x(r) = r**3 - 6*r**2 - r + 14. Let j(o) = o**3 + 6*o**2 + 5*o. Let z be j(-2). What is the units digit of x(z)?
8
Let d = 991 + -633. What is the tens digit of d?
5
Suppose -5*j - 6 = b, -4*b + j - 3*j + 12 = 0. Suppose -4*f + 2*r + 296 = 0, -2*f + 50 + 108 = b*r. What is the units digit of f?
5
Let i(q) = -12*q**2 + 234*q + 9. What is the hundreds digit of i(17)?
5
What is the tens digit of (-18)/(-162) + (-395)/(-9)?
4
Let y be (1 - (-1604)/(-28)) + 4/14. What is the tens digit of 9/(-12)*2*y - 3?
8
What is the tens digit of (-1056)/9*120/(-32) - -5?
4
Let u(o) = o**3 - 5*o**2 + 3*o + 7. Let t be u(3). Let b = t - -4. What is the units digit of b?
2
Let a(q) be the first derivative of -q**3/3 - 5*q**2 + 5*q - 2. Let j be a(-10). Suppose -40 = j*m - 120. What is the tens digit of m?
1
Suppose -244*d = -261*d + 43418. What is the thousands digit of d?
2
Suppose c - 4 = 3*p + 2, 2*c + 4*p - 22 = 0. Let i(w) = -w**3 + 9*w**2 + 9*w - 10. What is the tens digit of i(c)?
7
Suppose 5*b - 2*k = 14, 15 = -b + 4*b + k. Suppose 3*j + 2*c + 0*c - 160 = 0, b*c - 264 = -5*j. What is the units digit of j?
6
Let n(p) = -19*p**3 - 4*p**2 + 3*p - 4. Let d(j) = 18*j**3 + 3*j**2 - 2*j + 3. Let i(b) = -4*d(b) - 3*n(b). What is the tens digit of i(-1)?
1
Let h = 269 + 339. What is the units digit of h?
8
Let z(y) be the third derivative of 5*y**5/3 - y**4/24 - y**3/6 + 14*y**2. What is the tens digit of z(1)?
9
Let s(h) = h + 11. Let t be (-3)/(3/(-2)) + -11. Let r be s(t). Suppose 8 = r*v - v. What is the units digit of v?
8
Suppose 0 = -4*r + 2*w - 3 + 21, 0 = 2*w - 2. Suppose 3*n - 70 - 299 = -3*y, 595 = r*y - 5*n. What is the units digit of y?
1
Let j(a) = 241*a**2 + a + 1. Suppose 2*g + y + 17 = -4*y, 5*y + 15 = 0. What is the hundreds digit of j(g)?
2
Let d be 16/3 - (-5)/(-15). Suppose -j = 2*j - 4*z - 37, d*j - 19 = -4*z. What is the tens digit of 177/j + (-26)/91?
2
Suppose 30*x + 16340 = 35*x. What is the hundreds digit of x?
2
Suppose -4 = 2*s - 3*a, -4*a = -5*s - 5*a + 7. What is the tens digit of (-4)/(-26)*s - (-75025)/325?
3
Let v(s) = -78*s + 607. What is the tens digit of v(-34)?
5
Suppose 3*o - 8*o = -p - 3017, 5*p = 4*o - 2401. What is the hundreds digit of o?
6
Suppose -4*p + 3076 = 5*o, -2436 = -3*p + o - 148. What is the tens digit of p?
6
Suppose k = -4*k - 25. What is the tens digit of k/((0 - 2/11)/4)?
1
Suppose w = -0*n + 4*n + 24, 3*n - 39 = -4*w. Suppose -18 = -5*x + 7. Suppose -q = -4*j + 107, -5*j - x*q = -w - 103. What is the units digit of j?
6
Let m = -613 + 5129. What is the units digit of m?
6
Let p(a) = -a**2 - 11*a + 2. Suppose 0 = 10*i - 8*i + 16. What is the units digit of p(i)?
6
Suppose -i + 183 = 2*i. Let q = 125 - i. What is the tens digit of q?
6
Let w = -5 + 17. What is the units digit of 30/(11/w + 4/(-6))?
0
Let t(l) = -3*l**2 - 8*l + 3. Let f be t(-6). Let m = -31 - f. What is the units digit of 250/4 + 39/m?
4
Suppose 4*y + 20 = -4*c, -2*c + 2*y = 5*y + 15. Let k = 3 + c. Suppose x - 74 = -k*i, -127 = -5*i - 0*x + 2*x. What is the tens digit of i?
2
Suppose 8*y - 9 = 31. Suppose -y*k - 588 = -11*k. What is the tens digit of k?
9
Let g(x) be the first derivative of x**6/180 + x**5/40 - x**4/6 + 5*x**3/3 + 1. Let f(c) be the third derivative of g(c). What is the tens digit of f(-4)?
1
Let t be 11/((2 - 3)/(-1)). Suppose 0 = -5*h + 26 - t. Suppose 5*d - 61 = h*v, -3*d + 2*v + v = -39. What is the units digit of d?
1
Let m be (-459)/6*((-3)/(-9) + -1). Let q be 3*-9 + (-4 - -6). Let d = m + q. What is the tens digit of d?
2
Let m be ((-16)/(-6))/((-2)/(-3)). What is the hundreds digit of ((-8)/5)/m + 1784/10?
1
Let b be ((-10)/(-75)*10)/(2/3). Suppose b*k = -2*n + 120, n - 4*n = -3*k - 210. What is the units digit of n?
5
Let q(y) = -y**3 + 13*y**2 + 12*y - 10. Let a be q(12). Suppose -2*x - u = -a, -2*u = x - 0*x - 139. Suppose -120 = -7*i + x. What is the tens digit of i?
3
Let d = 8146 - 5562. What is the units digit of d?
4
Let f(i) = -2*i**2 + 3*i + 3. Let z(t) = t**2 + t. Suppose -4*n - 1 = -3*n. Let u(v) = n*f(v) - 3*z(v). What is the units digit of u(-4)?
5
Let x be 64*(-4)/(4/2). Let w = x + 277. What is the units digit of w?
9
Let z be ((-4)/(-3))/((-4)/42). Let v be (-56)/2*12/z. Suppose -5*b + 2*b = w - v, b = 4. What is the tens digit of w?
1
Let x(k) = 7*k - 3. Suppose -2*m = 2 - 10. Suppose -3*t + 2 = -m. What is the units digit of x(t)?
1
Let q be 822/(-18) + 4/6. What is the units digit of 11/9 - (-10)/q - -308?
9
Suppose 82*y = 83*y - 388. What is the units digit of y?
8
Suppose -80 = -a - 75. Suppose -385 = -5*p - 2*r, -2*p + 125 = -10*r + a*r. What is the tens digit of p?
7
Suppose 221 = -p + 18*p. Suppose -763 = -20*l + p*l. What is the tens digit of l?
0
Suppose -5*u + 41 = -4*l, -3*u - 4*l - 1 = -0*u. Suppose -2*r + 78 = -4*o - 0*o, -o + 228 = u*r. What is the units digit of r?
5
Suppose -18 = 28*w - 22*w. What is the units digit of ((-80)/w)/((-7)/(-5 - 16))?
0
Let k = 263 + -221. What is the units digit of k?
2
Suppose 12 = 5*z + 4*m, 2*z - m = 3 + 7. Suppose 9*p - z*p = 380. What is the units digit of p?
6
Suppose -2 = 4*s - 18. Let x be (s/6)/((-8)/(-12)). What is the tens digit of (x + -7)/(1/(-2))?
1
Let w = 22 + -20. Suppose -32 = -2*b + 32. Suppose b = 2*d - 3*n, -w*d = d - 5*n - 47. What is the units digit of d?
9
Let s = 43 - 34. Let h(d) = -d**3 + 8*d**2 + 8*d + 11. Let g be h(s). Suppose -r = m - 9, -g*m - 12 = -r - 0*m. What is the units digit of r?
0
Suppose -b + 16 = -33. What is the units digit of (-14)/b - (-1434)/21?
8
What is the units digit of ((2 + 30)/4)/(-2) - -498?
4
Suppose -3*q - 37 = -2*g, 2*g - q - 44 + 1 = 0. Let r(t) = 2*t**2 - 10*t - 10. Let k be r(8). Let o = k - g. What is the tens digit of o?
1
Let u be 6 - (2 + 4/(-4)). Let f(j) = -5 - j**2 + 14*j - 2 - u. What is the units digit of f(13)?
1
Suppose v = 7*v - 168. Let f = 52 - v. What is the tens digit of f?
2
Let s(o) = 2*o**2 + 8*o + 3. Let p be s(-7). Let z be 10/p + 68/18. Suppose n = -z*y + 22, -5*n - 3*y + 93 = -0*y. What is the tens digit of 